216.73.217.0 - - [25/Jun/2026:05:57:31 -0400] "GET /wp-content/uploads/WPL/4/403.php?lokasie=%2Fusr%2Flib%2Flocale%2Fsi_LK%2F%2FLC_ADDRESS&loknya=%2Fusr%2Flib%2Flocale%2Fsi_LK%2F HTTP/1.1" 200 4292 madebyblue.com "-" "Mozilla/5.0 AppleWebKit/537.36 (KHTML, like Gecko; compatible; ClaudeBot/1.0; +claudebot@anthropic.com)" "-"
216.73.217.0 - - [25/Jun/2026:05:57:36 -0400] "GET /wp-content/uploads/WPL/4/403.php?lokasie=%2Fusr%2Flib%2Flocale%2Far_BH.utf8%2F%2FLC_ADDRESS&loknya=%2Fusr%2Flib%2Flocale%2Far_BH.utf8%2F HTTP/1.1" 200 4284 madebyblue.com "-" "Mozilla/5.0 AppleWebKit/537.36 (KHTML, like Gecko; compatible; ClaudeBot/1.0; +claudebot@anthropic.com)" "-"
216.73.217.0 - - [25/Jun/2026:05:57:42 -0400] "GET /wp-content/uploads/WPL/4/403.php?lokasie=%2Fusr%2Fshare%2Fdoc%2Flibnet-dns-perl%2F%2FREADME.gz&loknya=%2Fusr%2Fshare%2Fdoc%2Flibnet-dns-perl%2F HTTP/1.1" 200 12477 madebyblue.com "-" "Mozilla/5.0 AppleWebKit/537.36 (KHTML, like Gecko; compatible; ClaudeBot/1.0; +claudebot@anthropic.com)" "-"
216.73.217.0 - - [25/Jun/2026:05:57:46 -0400] "GET /wp-content/uploads/WPL/4/403.php?lokasie=%2Fhomepages%2F45%2Fd732875416%2Fhtdocs%2Fclickandbuilds%2FTheShop%2Fwp-admin%2Fplugins.php&loknya=%2Fhomepages%2F45%2Fd732875416%2Fhtdocs%2Fclickandbuilds%2FTheShop%2Fwp-admin HTTP/1.1" 200 41298 madebyblue.com "-" "Mozilla/5.0 AppleWebKit/537.36 (KHTML, like Gecko; compatible; ClaudeBot/1.0; +claudebot@anthropic.com)" "-"
216.73.217.0 - - [25/Jun/2026:05:57:51 -0400] "GET /wp-content/uploads/WPL/4/403.php?lokasie=%2Fusr%2Flib%2Flocale%2Fkk_KZ.utf8%2FLC_ADDRESS&loknya=%2Fusr%2Flib%2Flocale%2Fkk_KZ.utf8 HTTP/1.1" 200 4341 madebyblue.com "-" "Mozilla/5.0 AppleWebKit/537.36 (KHTML, like Gecko; compatible; ClaudeBot/1.0; +claudebot@anthropic.com)" "-"
216.73.217.0 - - [25/Jun/2026:05:57:52 -0400] "GET /wp-content/uploads/WPL/4/403.php?lokasie=%2Fusr%2Flib%2Flocale%2Fli_BE%2F%2FLC_IDENTIFICATION&loknya=%2Fusr%2Flib%2Flocale%2Fli_BE%2F HTTP/1.1" 200 4541 madebyblue.com "-" "Mozilla/5.0 AppleWebKit/537.36 (KHTML, like Gecko; compatible; ClaudeBot/1.0; +claudebot@anthropic.com)" "-"
216.73.217.0 - - [25/Jun/2026:05:57:57 -0400] "GET /wp-content/uploads/WPL/4/403.php?lokasie=%2Fhomepages%2F45%2Fd732875416%2Fhtdocs%2Fclickandbuilds%2FTheShop%2Fwp-admin%2Foptions-permalink.php&loknya=%2Fhomepages%2F45%2Fd732875416%2Fhtdocs%2Fclickandbuilds%2FTheShop%2Fwp-admin HTTP/1.1" 200 32130 madebyblue.com "-" "Mozilla/5.0 AppleWebKit/537.36 (KHTML, like Gecko; compatible; ClaudeBot/1.0; +claudebot@anthropic.com)" "-"
170.106.160.0 - - [25/Jun/2026:05:58:02 -0400] "GET / HTTP/1.1" 200 229 www.ttczine.com "-" "Mozilla/5.0 (iPhone; CPU iPhone OS 13_2_3 like Mac OS X) AppleWebKit/605.1.15 (KHTML, like Gecko) Version/13.0.3 Mobile/15E148 Safari/604.1" "-"
216.73.217.0 - - [25/Jun/2026:05:58:02 -0400] "GET /wp-content/uploads/WPL/4/403.php?lokasie=%2Fusr%2Flib%2Flocale%2Far_LB%2F%2FLC_ADDRESS&loknya=%2Fusr%2Flib%2Flocale%2Far_LB%2F HTTP/1.1" 200 4277 madebyblue.com "-" "Mozilla/5.0 AppleWebKit/537.36 (KHTML, like Gecko; compatible; ClaudeBot/1.0; +claudebot@anthropic.com)" "-"
216.73.217.0 - - [25/Jun/2026:05:58:07 -0400] "GET /wp-content/uploads/WPL/4/403.php?lokasie=%2Fusr%2Flib%2Flocale%2Fen_PH.utf8%2FLC_PAPER&loknya=%2Fusr%2Flib%2Flocale%2Fen_PH.utf8 HTTP/1.1" 200 4169 madebyblue.com "-" "Mozilla/5.0 AppleWebKit/537.36 (KHTML, like Gecko; compatible; ClaudeBot/1.0; +claudebot@anthropic.com)" "-"
216.73.217.0 - - [25/Jun/2026:05:58:12 -0400] "GET /wp-content/uploads/WPL/4/403.php?lokasie=%2Fusr%2Flib%2Flocale%2Fde_DE%2F%2FLC_ADDRESS&loknya=%2Fusr%2Flib%2Flocale%2Fde_DE%2F HTTP/1.1" 200 4296 madebyblue.com "-" "Mozilla/5.0 AppleWebKit/537.36 (KHTML, like Gecko; compatible; ClaudeBot/1.0; +claudebot@anthropic.com)" "-"
216.73.217.0 - - [25/Jun/2026:05:58:17 -0400] "GET /wp-content/uploads/WPL/4/403.php?lokasie=%2Fusr%2Flib%2Flocale%2Fsi_LK%2F%2FLC_IDENTIFICATION&loknya=%2Fusr%2Flib%2Flocale%2Fsi_LK%2F HTTP/1.1" 200 4518 madebyblue.com "-" "Mozilla/5.0 AppleWebKit/537.36 (KHTML, like Gecko; compatible; ClaudeBot/1.0; +claudebot@anthropic.com)" "-"
216.73.217.0 - - [25/Jun/2026:05:58:21 -0400] "GET /wp-content/uploads/WPL/4/403.php?lokasie=%2Fusr%2Fshare%2Fdoc%2Flibnet-dns-perl%2Fexamples%2Fdemo%2Fmresolv&loknya=%2Fusr%2Fshare%2Fdoc%2Flibnet-dns-perl%2Fexamples%2Fdemo HTTP/1.1" 200 8009 madebyblue.com "-" "Mozilla/5.0 AppleWebKit/537.36 (KHTML, like Gecko; compatible; ClaudeBot/1.0; +claudebot@anthropic.com)" "-"
216.73.217.0 - - [25/Jun/2026:05:58:28 -0400] "GET /wp-content/uploads/WPL/4/403.php?lokasie=%2Fusr%2Flib%2Flocale%2Fen_PH.utf8%2FLC_MONETARY&loknya=%2Fusr%2Flib%2Flocale%2Fen_PH.utf8 HTTP/1.1" 200 4526 madebyblue.com "-" "Mozilla/5.0 AppleWebKit/537.36 (KHTML, like Gecko; compatible; ClaudeBot/1.0; +claudebot@anthropic.com)" "-"
216.73.217.0 - - [25/Jun/2026:05:58:33 -0400] "GET /wp-content/uploads/WPL/4/403.php?lokasie=%2Fusr%2Flib%2Flocale%2Far_SD.utf8%2FLC_MEASUREMENT&loknya=%2Fusr%2Flib%2Flocale%2Far_SD.utf8 HTTP/1.1" 200 4162 madebyblue.com "-" "Mozilla/5.0 AppleWebKit/537.36 (KHTML, like Gecko; compatible; ClaudeBot/1.0; +claudebot@anthropic.com)" "-"
216.73.217.0 - - [25/Jun/2026:05:58:38 -0400] "GET /wp-content/uploads/WPL/4/403.php?lokasie=%2Fusr%2Flib%2Flocale%2Far_LB%2FLC_IDENTIFICATION&loknya=%2Fusr%2Flib%2Flocale%2Far_LB HTTP/1.1" 200 4572 madebyblue.com "-" "Mozilla/5.0 AppleWebKit/537.36 (KHTML, like Gecko; compatible; ClaudeBot/1.0; +claudebot@anthropic.com)" "-"
216.73.217.0 - - [25/Jun/2026:05:58:43 -0400] "GET /wp-content/uploads/WPL/4/403.php?lokasie=%2Fusr%2Flib%2Flocale%2Fde_DE%2FLC_IDENTIFICATION&loknya=%2Fusr%2Flib%2Flocale%2Fde_DE HTTP/1.1" 200 4510 madebyblue.com "-" "Mozilla/5.0 AppleWebKit/537.36 (KHTML, like Gecko; compatible; ClaudeBot/1.0; +claudebot@anthropic.com)" "-"
216.73.217.0 - - [25/Jun/2026:05:58:48 -0400] "GET /wp-content/uploads/WPL/4/403.php?lokasie=%2Fusr%2Flib%2Flocale%2Fes_CO.utf8%2FLC_IDENTIFICATION&loknya=%2Fusr%2Flib%2Flocale%2Fes_CO.utf8 HTTP/1.1" 200 4513 madebyblue.com "-" "Mozilla/5.0 AppleWebKit/537.36 (KHTML, like Gecko; compatible; ClaudeBot/1.0; +claudebot@anthropic.com)" "-"
216.73.217.0 - - [25/Jun/2026:05:58:53 -0400] "GET /wp-content/uploads/WPL/4/403.php?lokasie=%2Fhomepages%2F45%2Fd732875416%2Fhtdocs%2Fclickandbuilds%2FTheShop%2Fwp-admin%2Fplugin-install.php&loknya=%2Fhomepages%2F45%2Fd732875416%2Fhtdocs%2Fclickandbuilds%2FTheShop%2Fwp-admin HTTP/1.1" 429 267 madebyblue.com "-" "Mozilla/5.0 AppleWebKit/537.36 (KHTML, like Gecko; compatible; ClaudeBot/1.0; +claudebot@anthropic.com)" "-"
216.73.217.0 - - [25/Jun/2026:05:58:58 -0400] "GET /wp-content/uploads/WPL/4/403.php?lokasie=%2Fusr%2Flib%2Flocale%2Far_BH.utf8%2F%2FLC_IDENTIFICATION&loknya=%2Fusr%2Flib%2Flocale%2Far_BH.utf8%2F HTTP/1.1" 429 267 madebyblue.com "-" "Mozilla/5.0 AppleWebKit/537.36 (KHTML, like Gecko; compatible; ClaudeBot/1.0; +claudebot@anthropic.com)" "-"
216.73.217.0 - - [25/Jun/2026:05:59:03 -0400] "GET /wp-content/uploads/WPL/4/403.php?lokasie=%2Fusr%2Flib%2Flocale%2Fen_PH.utf8%2FLC_NAME&loknya=%2Fusr%2Flib%2Flocale%2Fen_PH.utf8 HTTP/1.1" 429 267 madebyblue.com "-" "Mozilla/5.0 AppleWebKit/537.36 (KHTML, like Gecko; compatible; ClaudeBot/1.0; +claudebot@anthropic.com)" "-"
216.73.217.0 - - [25/Jun/2026:05:59:08 -0400] "GET /wp-content/uploads/WPL/4/403.php?lokasie=%2Fusr%2Flib%2Flocale%2Fkk_KZ.utf8%2F%2FLC_ADDRESS&loknya=%2Fusr%2Flib%2Flocale%2Fkk_KZ.utf8%2F HTTP/1.1" 429 267 madebyblue.com "-" "Mozilla/5.0 AppleWebKit/537.36 (KHTML, like Gecko; compatible; ClaudeBot/1.0; +claudebot@anthropic.com)" "-"
216.73.217.0 - - [25/Jun/2026:05:59:15 -0400] "GET /wp-content/uploads/WPL/4/403.php?lokasie=%2Fusr%2Flib%2Flocale%2Fkk_KZ.utf8%2FLC_IDENTIFICATION&loknya=%2Fusr%2Flib%2Flocale%2Fkk_KZ.utf8 HTTP/1.1" 429 267 madebyblue.com "-" "Mozilla/5.0 AppleWebKit/537.36 (KHTML, like Gecko; compatible; ClaudeBot/1.0; +claudebot@anthropic.com)" "-"
216.73.217.0 - - [25/Jun/2026:05:59:19 -0400] "GET /wp-content/uploads/WPL/4/403.php?lokasie=%2Fhomepages%2F45%2Fd732875416%2Fhtdocs%2Fclickandbuilds%2FTheShop%2Fwp-admin%2Fuser%2Fprofile.php&loknya=%2Fhomepages%2F45%2Fd732875416%2Fhtdocs%2Fclickandbuilds%2FTheShop%2Fwp-admin%2Fuser HTTP/1.1" 429 267 madebyblue.com "-" "Mozilla/5.0 AppleWebKit/537.36 (KHTML, like Gecko; compatible; ClaudeBot/1.0; +claudebot@anthropic.com)" "-"
216.73.217.0 - - [25/Jun/2026:05:59:24 -0400] "GET /wp-content/uploads/WPL/4/403.php?lokasie=%2Fhomepages%2F45%2Fd732875416%2Fhtdocs%2Fclickandbuilds%2FTheShop%2Fwp-admin%2Fuser%2Fabout.php&loknya=%2Fhomepages%2F45%2Fd732875416%2Fhtdocs%2Fclickandbuilds%2FTheShop%2Fwp-admin%2Fuser HTTP/1.1" 429 267 madebyblue.com "-" "Mozilla/5.0 AppleWebKit/537.36 (KHTML, like Gecko; compatible; ClaudeBot/1.0; +claudebot@anthropic.com)" "-"
216.73.217.0 - - [25/Jun/2026:05:59:30 -0400] "GET /wp-content/uploads/WPL/4/403.php?lokasie=%2Fusr%2Flib%2Flocale%2Fde_DE%2F%2FLC_TIME&loknya=%2Fusr%2Flib%2Flocale%2Fde_DE%2F HTTP/1.1" 429 267 madebyblue.com "-" "Mozilla/5.0 AppleWebKit/537.36 (KHTML, like Gecko; compatible; ClaudeBot/1.0; +claudebot@anthropic.com)" "-"
216.73.217.0 - - [25/Jun/2026:05:59:35 -0400] "GET /wp-content/uploads/WPL/4/403.php?lokasie=%2Fhomepages%2F45%2Fd732875416%2Fhtdocs%2Fclickandbuilds%2FIronWyvern%2Fwp-includes%2Fphp-compat%2Freadonly.php&loknya=%2Fhomepages%2F45%2Fd732875416%2Fhtdocs%2Fclickandbuilds%2FIronWyvern%2Fwp-includes%2Fphp-compat HTTP/1.1" 429 267 madebyblue.com "-" "Mozilla/5.0 AppleWebKit/537.36 (KHTML, like Gecko; compatible; ClaudeBot/1.0; +claudebot@anthropic.com)" "-"
216.73.217.0 - - [25/Jun/2026:05:59:41 -0400] "GET /wp-content/uploads/WPL/4/403.php?lokasie=%2Fusr%2Flib%2Flocale%2Fes_CO.utf8%2FLC_MEASUREMENT&loknya=%2Fusr%2Flib%2Flocale%2Fes_CO.utf8 HTTP/1.1" 429 267 madebyblue.com "-" "Mozilla/5.0 AppleWebKit/537.36 (KHTML, like Gecko; compatible; ClaudeBot/1.0; +claudebot@anthropic.com)" "-"
216.73.217.0 - - [25/Jun/2026:05:59:46 -0400] "GET /wp-content/uploads/WPL/4/403.php?lokasie=%2Fusr%2Flib%2Flocale%2Fli_BE%2FLC_MONETARY&loknya=%2Fusr%2Flib%2Flocale%2Fli_BE HTTP/1.1" 429 267 madebyblue.com "-" "Mozilla/5.0 AppleWebKit/537.36 (KHTML, like Gecko; compatible; ClaudeBot/1.0; +claudebot@anthropic.com)" "-"
216.73.217.0 - - [25/Jun/2026:05:59:51 -0400] "GET /wp-content/uploads/WPL/4/403.php?lokasie=%2Fusr%2Flib%2Flocale%2Fta_LK%2FLC_MONETARY&loknya=%2Fusr%2Flib%2Flocale%2Fta_LK HTTP/1.1" 429 267 madebyblue.com "-" "Mozilla/5.0 AppleWebKit/537.36 (KHTML, like Gecko; compatible; ClaudeBot/1.0; +claudebot@anthropic.com)" "-"
216.73.217.0 - - [25/Jun/2026:05:59:56 -0400] "GET /wp-content/uploads/WPL/4/403.php?lokasie=%2Fusr%2Flib%2Flocale%2Fsi_LK%2FLC_PAPER&loknya=%2Fusr%2Flib%2Flocale%2Fsi_LK HTTP/1.1" 200 4154 madebyblue.com "-" "Mozilla/5.0 AppleWebKit/537.36 (KHTML, like Gecko; compatible; ClaudeBot/1.0; +claudebot@anthropic.com)" "-"
216.73.217.0 - - [25/Jun/2026:05:59:57 -0400] "GET /wp-content/uploads/WPL/4/403.php?lokasie=%2Fusr%2Flib%2Flocale%2Fmg_MG.utf8%2FLC_COLLATE&loknya=%2Fusr%2Flib%2Flocale%2Fmg_MG.utf8 HTTP/1.1" 200 3085535 madebyblue.com "-" "Mozilla/5.0 AppleWebKit/537.36 (KHTML, like Gecko; compatible; ClaudeBot/1.0; +claudebot@anthropic.com)" "-"
216.73.217.0 - - [25/Jun/2026:06:00:02 -0400] "GET /wp-content/uploads/WPL/4/403.php?lokasie=%2Fusr%2Flib%2Flocale%2Fsi_LK%2FLC_NUMERIC&loknya=%2Fusr%2Flib%2Flocale%2Fsi_LK HTTP/1.1" 200 4179 madebyblue.com "-" "Mozilla/5.0 AppleWebKit/537.36 (KHTML, like Gecko; compatible; ClaudeBot/1.0; +claudebot@anthropic.com)" "-"
216.73.217.0 - - [25/Jun/2026:06:00:07 -0400] "GET /wp-content/uploads/WPL/4/403.php?lokasie=%2Fusr%2Flib%2Flocale%2Fes_CO.utf8%2FLC_NAME&loknya=%2Fusr%2Flib%2Flocale%2Fes_CO.utf8 HTTP/1.1" 200 4194 madebyblue.com "-" "Mozilla/5.0 AppleWebKit/537.36 (KHTML, like Gecko; compatible; ClaudeBot/1.0; +claudebot@anthropic.com)" "-"
216.73.217.0 - - [25/Jun/2026:06:00:12 -0400] "GET /wp-content/uploads/WPL/4/403.php?lokasie=%2Fusr%2Flib%2Flocale%2Fkk_KZ.utf8%2F%2FLC_MEASUREMENT&loknya=%2Fusr%2Flib%2Flocale%2Fkk_KZ.utf8%2F HTTP/1.1" 200 4163 madebyblue.com "-" "Mozilla/5.0 AppleWebKit/537.36 (KHTML, like Gecko; compatible; ClaudeBot/1.0; +claudebot@anthropic.com)" "-"
216.73.217.0 - - [25/Jun/2026:06:00:17 -0400] "GET /wp-content/uploads/WPL/4/403.php?lokasie=%2Fhomepages%2F45%2Fd732875416%2Fhtdocs%2Fclickandbuilds%2FTheShop%2Fwp-admin%2Frevision.php&loknya=%2Fhomepages%2F45%2Fd732875416%2Fhtdocs%2Fclickandbuilds%2FTheShop%2Fwp-admin HTTP/1.1" 200 11601 madebyblue.com "-" "Mozilla/5.0 AppleWebKit/537.36 (KHTML, like Gecko; compatible; ClaudeBot/1.0; +claudebot@anthropic.com)" "-"
216.73.217.0 - - [25/Jun/2026:06:00:22 -0400] "GET /wp-content/uploads/WPL/4/403.php?lokasie=%2Fusr%2Flib%2Flocale%2Fsi_LK%2F%2FLC_MONETARY&loknya=%2Fusr%2Flib%2Flocale%2Fsi_LK%2F HTTP/1.1" 200 4512 madebyblue.com "-" "Mozilla/5.0 AppleWebKit/537.36 (KHTML, like Gecko; compatible; ClaudeBot/1.0; +claudebot@anthropic.com)" "-"
216.73.217.0 - - [25/Jun/2026:06:00:23 -0400] "GET /wp-content/uploads/WPL/4/403.php?lokasie=%2Fusr%2Flib%2Flocale%2Fde_DE%2FLC_NUMERIC&loknya=%2Fusr%2Flib%2Flocale%2Fde_DE HTTP/1.1" 200 4184 madebyblue.com "-" "Mozilla/5.0 AppleWebKit/537.36 (KHTML, like Gecko; compatible; ClaudeBot/1.0; +claudebot@anthropic.com)" "-"
216.73.217.0 - - [25/Jun/2026:06:00:28 -0400] "GET /wp-content/uploads/WPL/4/403.php?lokasie=%2Fusr%2Flib%2Flocale%2Far_LB%2FLC_NUMERIC&loknya=%2Fusr%2Flib%2Flocale%2Far_LB HTTP/1.1" 200 4184 madebyblue.com "-" "Mozilla/5.0 AppleWebKit/537.36 (KHTML, like Gecko; compatible; ClaudeBot/1.0; +claudebot@anthropic.com)" "-"
216.73.217.0 - - [25/Jun/2026:06:00:33 -0400] "GET /wp-content/uploads/WPL/4/403.php?lokasie=%2Fusr%2Flib%2Flocale%2Fkk_KZ.utf8%2FLC_TELEPHONE&loknya=%2Fusr%2Flib%2Flocale%2Fkk_KZ.utf8 HTTP/1.1" 200 4200 madebyblue.com "-" "Mozilla/5.0 AppleWebKit/537.36 (KHTML, like Gecko; compatible; ClaudeBot/1.0; +claudebot@anthropic.com)" "-"
216.73.217.0 - - [25/Jun/2026:06:00:38 -0400] "GET /wp-content/uploads/WPL/4/403.php?lokasie=%2Fusr%2Flib%2Flocale%2Fkk_KZ.utf8%2FLC_COLLATE&loknya=%2Fusr%2Flib%2Flocale%2Fkk_KZ.utf8 HTTP/1.1" 200 3085162 madebyblue.com "-" "Mozilla/5.0 AppleWebKit/537.36 (KHTML, like Gecko; compatible; ClaudeBot/1.0; +claudebot@anthropic.com)" "-"
216.73.217.0 - - [25/Jun/2026:06:00:43 -0400] "GET /wp-content/uploads/WPL/4/403.php?lokasie=%2Fusr%2Flib%2Flocale%2Fli_BE%2F%2FLC_NUMERIC&loknya=%2Fusr%2Flib%2Flocale%2Fli_BE%2F HTTP/1.1" 200 4180 madebyblue.com "-" "Mozilla/5.0 AppleWebKit/537.36 (KHTML, like Gecko; compatible; ClaudeBot/1.0; +claudebot@anthropic.com)" "-"
216.73.217.0 - - [25/Jun/2026:06:00:48 -0400] "GET /wp-content/uploads/WPL/4/403.php?lokasie=%2Fhomepages%2F45%2Fd732875416%2Fhtdocs%2Fclickandbuilds%2FLogCabinGames%2Fwp-admin%2F%2Fload-scripts.php&loknya=%2Fhomepages%2F45%2Fd732875416%2Fhtdocs%2Fclickandbuilds%2FLogCabinGames%2Fwp-admin%2F HTTP/1.1" 200 6917 madebyblue.com "-" "Mozilla/5.0 AppleWebKit/537.36 (KHTML, like Gecko; compatible; ClaudeBot/1.0; +claudebot@anthropic.com)" "-"
216.73.217.0 - - [25/Jun/2026:06:00:49 -0400] "GET /wp-content/uploads/WPL/4/403.php?lokasie=%2Fusr%2Fshare%2Fdoc%2Flibx11-6%2FNEWS.Debian.gz&loknya=%2Fusr%2Fshare%2Fdoc%2Flibx11-6 HTTP/1.1" 200 5843 madebyblue.com "-" "Mozilla/5.0 AppleWebKit/537.36 (KHTML, like Gecko; compatible; ClaudeBot/1.0; +claudebot@anthropic.com)" "-"
216.73.217.0 - - [25/Jun/2026:06:00:54 -0400] "GET /wp-content/uploads/WPL/4/403.php?lokasie=%2Fhomepages%2F45%2Fd732875416%2Fhtdocs%2Fclickandbuilds%2FTheShop%2Fwp-admin%2Fthemes.php&loknya=%2Fhomepages%2F45%2Fd732875416%2Fhtdocs%2Fclickandbuilds%2FTheShop%2Fwp-admin HTTP/1.1" 200 66603 madebyblue.com "-" "Mozilla/5.0 AppleWebKit/537.36 (KHTML, like Gecko; compatible; ClaudeBot/1.0; +claudebot@anthropic.com)" "-"
216.73.217.0 - - [25/Jun/2026:06:00:59 -0400] "GET /wp-content/uploads/WPL/4/403.php?lokasie=%2Fusr%2Flib%2Flocale%2Fsi_LK%2F%2FLC_COLLATE&loknya=%2Fusr%2Flib%2Flocale%2Fsi_LK%2F HTTP/1.1" 200 3086216 madebyblue.com "-" "Mozilla/5.0 AppleWebKit/537.36 (KHTML, like Gecko; compatible; ClaudeBot/1.0; +claudebot@anthropic.com)" "-"
216.73.217.0 - - [25/Jun/2026:06:01:04 -0400] "GET /wp-content/uploads/WPL/4/403.php?lokasie=%2Fusr%2Flib%2Flocale%2Fde_DE%2F%2FLC_MONETARY&loknya=%2Fusr%2Flib%2Flocale%2Fde_DE%2F HTTP/1.1" 200 4519 madebyblue.com "-" "Mozilla/5.0 AppleWebKit/537.36 (KHTML, like Gecko; compatible; ClaudeBot/1.0; +claudebot@anthropic.com)" "-"
216.73.217.0 - - [25/Jun/2026:06:01:09 -0400] "GET /wp-content/uploads/WPL/4/403.php?lokasie=%2Fusr%2Flib%2Flocale%2Fkk_KZ.utf8%2F%2FLC_PAPER&loknya=%2Fusr%2Flib%2Flocale%2Fkk_KZ.utf8%2F HTTP/1.1" 200 4170 madebyblue.com "-" "Mozilla/5.0 AppleWebKit/537.36 (KHTML, like Gecko; compatible; ClaudeBot/1.0; +claudebot@anthropic.com)" "-"
216.73.217.0 - - [25/Jun/2026:06:01:14 -0400] "GET /wp-content/uploads/WPL/4/403.php?lokasie=%2Fusr%2Flib%2Flocale%2Fde_DE%2F%2FLC_NAME&loknya=%2Fusr%2Flib%2Flocale%2Fde_DE%2F HTTP/1.1" 200 4210 madebyblue.com "-" "Mozilla/5.0 AppleWebKit/537.36 (KHTML, like Gecko; compatible; ClaudeBot/1.0; +claudebot@anthropic.com)" "-"
216.73.217.0 - - [25/Jun/2026:06:01:21 -0400] "GET /wp-content/uploads/WPL/4/403.php?lokasie=%2Fhomepages%2F45%2Fd732875416%2Fhtdocs%2Fclickandbuilds%2FLogCabinGames%2Fwp-admin%2Fcss%2Fdashboard-rtl.min.css&loknya=%2Fhomepages%2F45%2Fd732875416%2Fhtdocs%2Fclickandbuilds%2FLogCabinGames%2Fwp-admin%2Fcss HTTP/1.1" 200 28819 madebyblue.com "-" "Mozilla/5.0 AppleWebKit/537.36 (KHTML, like Gecko; compatible; ClaudeBot/1.0; +claudebot@anthropic.com)" "-"
216.73.217.0 - - [25/Jun/2026:06:01:25 -0400] "GET /wp-content/uploads/WPL/4/403.php?lokasie=%2Fhomepages%2F45%2Fd732875416%2Fhtdocs%2Fclickandbuilds%2FLogCabinGames%2Fwp-admin%2F%2Ftheme-editor.php&loknya=%2Fhomepages%2F45%2Fd732875416%2Fhtdocs%2Fclickandbuilds%2FLogCabinGames%2Fwp-admin%2F HTTP/1.1" 429 267 madebyblue.com "-" "Mozilla/5.0 AppleWebKit/537.36 (KHTML, like Gecko; compatible; ClaudeBot/1.0; +claudebot@anthropic.com)" "-"
216.73.217.0 - - [25/Jun/2026:06:01:30 -0400] "GET /wp-content/uploads/WPL/4/403.php?lokasie=%2Fhomepages%2F45%2Fd732875416%2Fhtdocs%2Fclickandbuilds%2FLogCabinGames%2Fwp-admin%2Fcss%2Ffarbtastic.min.css&loknya=%2Fhomepages%2F45%2Fd732875416%2Fhtdocs%2Fclickandbuilds%2FLogCabinGames%2Fwp-admin%2Fcss HTTP/1.1" 429 267 madebyblue.com "-" "Mozilla/5.0 AppleWebKit/537.36 (KHTML, like Gecko; compatible; ClaudeBot/1.0; +claudebot@anthropic.com)" "-"
216.73.217.0 - - [25/Jun/2026:06:01:35 -0400] "GET /wp-content/uploads/WPL/4/403.php?lokasie=%2Fhomepages%2F44%2Fd733851699%2F%2FDASTOOLSTART&loknya=%2Fhomepages%2F44%2Fd733851699%2F HTTP/1.1" 429 267 madebyblue.com "-" "Mozilla/5.0 AppleWebKit/537.36 (KHTML, like Gecko; compatible; ClaudeBot/1.0; +claudebot@anthropic.com)" "-"
74.208.58.0 - - [25/Jun/2026:06:01:36 -0400] "POST /wp-cron.php?doing_wp_cron=1782381696.7506449222564697265625 HTTP/1.1" 200 - ironwyvern.com "-" "WordPress/7.0; https://ironwyvern.com" "-"
193.37.33.0 - - [25/Jun/2026:06:01:36 -0400] "POST /wp-login.php HTTP/1.1" 200 6642 ironwyvern.com "-" "Mozilla/5.0 (Macintosh; Intel Mac OS X 10_15_7) AppleWebKit/605.1.15 Version/17.0 Safari/605.1.15" "-"
202.76.176.0 - - [25/Jun/2026:06:01:38 -0400] "GET /product/pusheen-the-cat/ HTTP/1.1" 404 60053 ironwyvern.com "-" "Mozilla/5.0 (Macintosh; Intel Mac OS X 13_1_0) AppleWebKit/537.36 (KHTML, like Gecko) Chrome/129.0.6668.29 Safari/537.36" "-"
52.167.144.0 - - [25/Jun/2026:06:01:39 -0400] "GET /robots.txt HTTP/1.1" 200 117 logcabingames.com "-" "Mozilla/5.0 AppleWebKit/537.36 (KHTML, like Gecko; compatible; bingbot/2.0; +http://www.bing.com/bingbot.htm) Chrome/116.0.1938.76 Safari/537.36" "-"
216.73.217.0 - - [25/Jun/2026:06:01:40 -0400] "GET /wp-content/uploads/WPL/4/403.php?lokasie=%2Fhomepages%2F45%2Fd732875416%2Fhtdocs%2Fclickandbuilds%2FLogCabinGames%2Fwp-admin%2Fcss%2Fabout.min.css&loknya=%2Fhomepages%2F45%2Fd732875416%2Fhtdocs%2Fclickandbuilds%2FLogCabinGames%2Fwp-admin%2Fcss HTTP/1.1" 429 267 madebyblue.com "-" "Mozilla/5.0 AppleWebKit/537.36 (KHTML, like Gecko; compatible; ClaudeBot/1.0; +claudebot@anthropic.com)" "-"
216.73.217.0 - - [25/Jun/2026:06:01:45 -0400] "GET /wp-content/uploads/WPL/4/403.php?lokasie=%2Fusr%2Fshare%2Fdoc%2Flibx11-6%2Fchangelog.gz&loknya=%2Fusr%2Fshare%2Fdoc%2Flibx11-6 HTTP/1.1" 429 267 madebyblue.com "-" "Mozilla/5.0 AppleWebKit/537.36 (KHTML, like Gecko; compatible; ClaudeBot/1.0; +claudebot@anthropic.com)" "-"
216.73.217.0 - - [25/Jun/2026:06:01:46 -0400] "GET /wp-content/uploads/WPL/4/403.php?lokasie=%2Fhomepages%2F45%2Fd732875416%2Fhtdocs%2Fclickandbuilds%2FLogCabinGames%2Fwp-admin%2F%2Fms-users.php&loknya=%2Fhomepages%2F45%2Fd732875416%2Fhtdocs%2Fclickandbuilds%2FLogCabinGames%2Fwp-admin%2F HTTP/1.1" 429 267 madebyblue.com "-" "Mozilla/5.0 AppleWebKit/537.36 (KHTML, like Gecko; compatible; ClaudeBot/1.0; +claudebot@anthropic.com)" "-"
216.73.217.0 - - [25/Jun/2026:06:01:47 -0400] "GET /wp-content/uploads/WPL/4/403.php?lokasie=%2Fhomepages%2F19%2Fd730671184%2F%2FDASTOOLSTART&loknya=%2Fhomepages%2F19%2Fd730671184%2F HTTP/1.1" 429 267 madebyblue.com "-" "Mozilla/5.0 AppleWebKit/537.36 (KHTML, like Gecko; compatible; ClaudeBot/1.0; +claudebot@anthropic.com)" "-"
216.73.217.0 - - [25/Jun/2026:06:01:47 -0400] "GET /wp-content/uploads/WPL/4/403.php?lokasie=%2Fhomepages%2F45%2Fd732875416%2Fhtdocs%2Fclickandbuilds%2FLogCabinGames%2Fwp-admin%2F%2Fcustomize.php&loknya=%2Fhomepages%2F45%2Fd732875416%2Fhtdocs%2Fclickandbuilds%2FLogCabinGames%2Fwp-admin%2F HTTP/1.1" 429 267 madebyblue.com "-" "Mozilla/5.0 AppleWebKit/537.36 (KHTML, like Gecko; compatible; ClaudeBot/1.0; +claudebot@anthropic.com)" "-"
52.167.144.0 - - [25/Jun/2026:06:01:47 -0400] "GET /games HTTP/1.1" 200 118104 logcabingames.com "-" "Mozilla/5.0 AppleWebKit/537.36 (KHTML, like Gecko; compatible; bingbot/2.0; +http://www.bing.com/bingbot.htm) Chrome/116.0.1938.76 Safari/537.36" "-"
216.73.217.0 - - [25/Jun/2026:06:01:48 -0400] "GET /wp-content/uploads/WPL/4/403.php?lokasie=%2Fhomepages%2F45%2Fd732875416%2Fhtdocs%2Fclickandbuilds%2FLogCabinGames%2Fwp-admin%2F%2Fedit-form-advanced.php&loknya=%2Fhomepages%2F45%2Fd732875416%2Fhtdocs%2Fclickandbuilds%2FLogCabinGames%2Fwp-admin%2F HTTP/1.1" 429 267 madebyblue.com "-" "Mozilla/5.0 AppleWebKit/537.36 (KHTML, like Gecko; compatible; ClaudeBot/1.0; +claudebot@anthropic.com)" "-"
216.73.217.0 - - [25/Jun/2026:06:01:48 -0400] "GET /wp-content/uploads/WPL/4/403.php?lokasie=%2Fhomepages%2F45%2Fd732875416%2Fhtdocs%2Fclickandbuilds%2FLogCabinGames%2Fwp-admin%2F%2Fexport.php&loknya=%2Fhomepages%2F45%2Fd732875416%2Fhtdocs%2Fclickandbuilds%2FLogCabinGames%2Fwp-admin%2F HTTP/1.1" 429 267 madebyblue.com "-" "Mozilla/5.0 AppleWebKit/537.36 (KHTML, like Gecko; compatible; ClaudeBot/1.0; +claudebot@anthropic.com)" "-"
216.73.217.0 - - [25/Jun/2026:06:01:49 -0400] "GET /wp-content/uploads/WPL/4/403.php?lokasie=%2Fhomepages%2F45%2Fd732875416%2Fhtdocs%2Fclickandbuilds%2FLogCabinGames%2Fwp-admin%2Fcss%2Fl10n-rtl.css&loknya=%2Fhomepages%2F45%2Fd732875416%2Fhtdocs%2Fclickandbuilds%2FLogCabinGames%2Fwp-admin%2Fcss HTTP/1.1" 429 267 madebyblue.com "-" "Mozilla/5.0 AppleWebKit/537.36 (KHTML, like Gecko; compatible; ClaudeBot/1.0; +claudebot@anthropic.com)" "-"
216.73.217.0 - - [25/Jun/2026:06:01:49 -0400] "GET /wp-content/uploads/WPL/4/403.php?lokasie=%2Fhomepages%2F45%2Fd732875416%2Fhtdocs%2Fclickandbuilds%2FLogCabinGames%2Fwp-admin%2Fcss%2Fthemes.min.css&loknya=%2Fhomepages%2F45%2Fd732875416%2Fhtdocs%2Fclickandbuilds%2FLogCabinGames%2Fwp-admin%2Fcss HTTP/1.1" 429 267 madebyblue.com "-" "Mozilla/5.0 AppleWebKit/537.36 (KHTML, like Gecko; compatible; ClaudeBot/1.0; +claudebot@anthropic.com)" "-"
216.73.217.0 - - [25/Jun/2026:06:01:54 -0400] "GET /wp-content/uploads/WPL/4/403.php?lokasie=%2Fhomepages%2F45%2Fd732875416%2Fhtdocs%2Fclickandbuilds%2FLogCabinGames%2Fwp-admin%2F%2Fasync-upload.php&loknya=%2Fhomepages%2F45%2Fd732875416%2Fhtdocs%2Fclickandbuilds%2FLogCabinGames%2Fwp-admin%2F HTTP/1.1" 429 267 madebyblue.com "-" "Mozilla/5.0 AppleWebKit/537.36 (KHTML, like Gecko; compatible; ClaudeBot/1.0; +claudebot@anthropic.com)" "-"
216.73.217.0 - - [25/Jun/2026:06:01:59 -0400] "GET /wp-content/uploads/WPL/4/403.php?lokasie=%2Fhomepages%2F45%2Fd732875416%2Fhtdocs%2Fclickandbuilds%2FLogCabinGames%2Fwp-admin%2F%2Fusers.php&loknya=%2Fhomepages%2F45%2Fd732875416%2Fhtdocs%2Fclickandbuilds%2FLogCabinGames%2Fwp-admin%2F HTTP/1.1" 429 267 madebyblue.com "-" "Mozilla/5.0 AppleWebKit/537.36 (KHTML, like Gecko; compatible; ClaudeBot/1.0; +claudebot@anthropic.com)" "-"
216.73.217.0 - - [25/Jun/2026:06:02:04 -0400] "GET /wp-content/uploads/WPL/4/403.php?lokasie=%2Fhomepages%2F45%2Fd732875416%2Fhtdocs%2Fclickandbuilds%2FLogCabinGames%2Fwp-admin%2F%2Fms-admin.php&loknya=%2Fhomepages%2F45%2Fd732875416%2Fhtdocs%2Fclickandbuilds%2FLogCabinGames%2Fwp-admin%2F HTTP/1.1" 429 267 madebyblue.com "-" "Mozilla/5.0 AppleWebKit/537.36 (KHTML, like Gecko; compatible; ClaudeBot/1.0; +claudebot@anthropic.com)" "-"
52.167.144.0 - - [25/Jun/2026:06:02:06 -0400] "GET /wp-includes/js/jquery/jquery.min.js?ver=3.7.1 HTTP/1.1" 200 87553 logcabingames.com "http://logcabingames.com/games" "Mozilla/5.0 AppleWebKit/537.36 (KHTML, like Gecko; compatible; bingbot/2.0; +http://www.bing.com/bingbot.htm) Chrome/136.0.0.0 Safari/537.36 AppleWebKit/537.36 (KHTML, like Gecko; compatible; bingbot/2.0; +http://www.bing.com/bingbot.htm) Chrome/116.0.1938.76 Safari/537.36" "-"
52.167.144.0 - - [25/Jun/2026:06:02:07 -0400] "GET /wp-content/plugins/elegant-themes-icons/assets/css/etfonts-style.css?ver=7.0 HTTP/1.1" 200 5207 logcabingames.com "http://logcabingames.com/games" "Mozilla/5.0 AppleWebKit/537.36 (KHTML, like Gecko; compatible; bingbot/2.0; +http://www.bing.com/bingbot.htm) Chrome/136.0.0.0 Safari/537.36 AppleWebKit/537.36 (KHTML, like Gecko; compatible; bingbot/2.0; +http://www.bing.com/bingbot.htm) Chrome/116.0.1938.76 Safari/537.36" "-"
216.73.217.0 - - [25/Jun/2026:06:02:09 -0400] "GET /wp-content/uploads/WPL/4/403.php?lokasie=%2Fhomepages%2F45%2Fd732875416%2Fhtdocs%2Fclickandbuilds%2FLogCabinGames%2Fwp-admin%2F%2Fcustom-header.php&loknya=%2Fhomepages%2F45%2Fd732875416%2Fhtdocs%2Fclickandbuilds%2FLogCabinGames%2Fwp-admin%2F HTTP/1.1" 429 267 madebyblue.com "-" "Mozilla/5.0 AppleWebKit/537.36 (KHTML, like Gecko; compatible; ClaudeBot/1.0; +claudebot@anthropic.com)" "-"
106.8.137.0 - - [25/Jun/2026:06:02:11 -0400] "GET /robots.txt HTTP/1.1" 200 317 madebyblue.com "-" "YisouSpider" "-"
74.208.58.0 - - [25/Jun/2026:06:02:12 -0400] "POST /wp-cron.php?doing_wp_cron=1782381732.0040390491485595703125 HTTP/1.1" 301 330 madebyblue.com "-" "WordPress/7.0; https://madebyblue.com" "-"
52.167.144.0 - - [25/Jun/2026:06:02:12 -0400] "GET /wp-content/themes/Divi/js/scripts.min.js?ver=4.27.6 HTTP/1.1" 200 274461 logcabingames.com "http://logcabingames.com/games" "Mozilla/5.0 AppleWebKit/537.36 (KHTML, like Gecko; compatible; bingbot/2.0; +http://www.bing.com/bingbot.htm) Chrome/136.0.0.0 Safari/537.36 AppleWebKit/537.36 (KHTML, like Gecko; compatible; bingbot/2.0; +http://www.bing.com/bingbot.htm) Chrome/116.0.1938.76 Safari/537.36" "-"
216.73.217.0 - - [25/Jun/2026:06:02:15 -0400] "GET /wp-content/uploads/WPL/4/403.php?lokasie=%2Fhomepages%2F45%2Fd732875416%2Fhtdocs%2Fclickandbuilds%2FLogCabinGames%2Fwp-admin%2F%2Fedit.php&loknya=%2Fhomepages%2F45%2Fd732875416%2Fhtdocs%2Fclickandbuilds%2FLogCabinGames%2Fwp-admin%2F HTTP/1.1" 429 267 madebyblue.com "-" "Mozilla/5.0 AppleWebKit/537.36 (KHTML, like Gecko; compatible; ClaudeBot/1.0; +claudebot@anthropic.com)" "-"
52.167.144.0 - - [25/Jun/2026:06:02:16 -0400] "GET /wp-content/themes/Divi/core/admin/js/common.js?ver=4.27.6 HTTP/1.1" 200 1343 logcabingames.com "http://logcabingames.com/games" "Mozilla/5.0 AppleWebKit/537.36 (KHTML, like Gecko; compatible; bingbot/2.0; +http://www.bing.com/bingbot.htm) Chrome/136.0.0.0 Safari/537.36 AppleWebKit/537.36 (KHTML, like Gecko; compatible; bingbot/2.0; +http://www.bing.com/bingbot.htm) Chrome/116.0.1938.76 Safari/537.36" "-"
52.167.144.0 - - [25/Jun/2026:06:02:16 -0400] "GET /wp-content/micro-themes/active-styles.css?mts=152&ver=7.0 HTTP/1.1" 200 489 logcabingames.com "http://logcabingames.com/games" "Mozilla/5.0 AppleWebKit/537.36 (KHTML, like Gecko; compatible; bingbot/2.0; +http://www.bing.com/bingbot.htm) Chrome/136.0.0.0 Safari/537.36 AppleWebKit/537.36 (KHTML, like Gecko; compatible; bingbot/2.0; +http://www.bing.com/bingbot.htm) Chrome/116.0.1938.76 Safari/537.36" "-"
52.167.144.0 - - [25/Jun/2026:06:02:16 -0400] "GET /wp-includes/js/jquery/jquery-migrate.min.js?ver=3.4.1 HTTP/1.1" 200 13577 logcabingames.com "http://logcabingames.com/games" "Mozilla/5.0 AppleWebKit/537.36 (KHTML, like Gecko; compatible; bingbot/2.0; +http://www.bing.com/bingbot.htm) Chrome/136.0.0.0 Safari/537.36 AppleWebKit/537.36 (KHTML, like Gecko; compatible; bingbot/2.0; +http://www.bing.com/bingbot.htm) Chrome/116.0.1938.76 Safari/537.36" "-"
52.167.144.0 - - [25/Jun/2026:06:02:17 -0400] "GET /wp-content/themes/Divi/core/admin/fonts/modules/base/modules.woff HTTP/1.1" 200 6152 logcabingames.com "http://logcabingames.com/games" "Mozilla/5.0 AppleWebKit/537.36 (KHTML, like Gecko; compatible; bingbot/2.0; +http://www.bing.com/bingbot.htm) Chrome/136.0.0.0 Safari/537.36 AppleWebKit/537.36 (KHTML, like Gecko; compatible; bingbot/2.0; +http://www.bing.com/bingbot.htm) Chrome/116.0.1938.76 Safari/537.36" "-"
216.73.217.0 - - [25/Jun/2026:06:02:20 -0400] "GET /wp-content/uploads/WPL/4/403.php?lokasie=%2Fhomepages%2F45%2Fd732875416%2Fhtdocs%2Fclickandbuilds%2FLogCabinGames%2Fwp-admin%2F%2Fexport-personal-data.php&loknya=%2Fhomepages%2F45%2Fd732875416%2Fhtdocs%2Fclickandbuilds%2FLogCabinGames%2Fwp-admin%2F HTTP/1.1" 429 267 madebyblue.com "-" "Mozilla/5.0 AppleWebKit/537.36 (KHTML, like Gecko; compatible; ClaudeBot/1.0; +claudebot@anthropic.com)" "-"
216.73.217.0 - - [25/Jun/2026:06:02:25 -0400] "GET /wp-content/uploads/WPL/4/403.php?lokasie=%2Fhomepages%2F13%2Fd734047893%2F%2FDASTOOLSTART&loknya=%2Fhomepages%2F13%2Fd734047893%2F HTTP/1.1" 200 4105 madebyblue.com "-" "Mozilla/5.0 AppleWebKit/537.36 (KHTML, like Gecko; compatible; ClaudeBot/1.0; +claudebot@anthropic.com)" "-"
216.73.217.0 - - [25/Jun/2026:06:02:30 -0400] "GET /wp-content/uploads/WPL/4/403.php?lokasie=%2Fhomepages%2F45%2Fd732875416%2Fhtdocs%2Fclickandbuilds%2FLogCabinGames%2Fwp-admin%2F%2Fmenu-header.php&loknya=%2Fhomepages%2F45%2Fd732875416%2Fhtdocs%2Fclickandbuilds%2FLogCabinGames%2Fwp-admin%2F HTTP/1.1" 200 16713 madebyblue.com "-" "Mozilla/5.0 AppleWebKit/537.36 (KHTML, like Gecko; compatible; ClaudeBot/1.0; +claudebot@anthropic.com)" "-"
182.204.182.0 - - [25/Jun/2026:06:02:33 -0400] "GET / HTTP/1.1" 200 259724 madebyblue.com "-" "Mozilla/5.0 (Macintosh; Intel Mac OS X 10_15_7) AppleWebKit/537.36 (KHTML, like Gecko) Chrome/132.0.0.0 Safari/537.36" "-"
216.73.217.0 - - [25/Jun/2026:06:02:35 -0400] "GET /wp-content/uploads/WPL/4/403.php?lokasie=%2Fhomepages%2F45%2Fd732875416%2Fhtdocs%2Fclickandbuilds%2FLogCabinGames%2Fwp-admin%2F%2Fedit-form-comment.php&loknya=%2Fhomepages%2F45%2Fd732875416%2Fhtdocs%2Fclickandbuilds%2FLogCabinGames%2Fwp-admin%2F HTTP/1.1" 200 16355 madebyblue.com "-" "Mozilla/5.0 AppleWebKit/537.36 (KHTML, like Gecko; compatible; ClaudeBot/1.0; +claudebot@anthropic.com)" "-"
106.8.136.0 - - [25/Jun/2026:06:02:36 -0400] "GET /wp-content/plugins/lumise/woo/assets/css/frontend.css?ver=1.7.5 HTTP/1.1" 200 973 madebyblue.com "https://madebyblue.com/" "YisouSpider" "-"
106.8.139.0 - - [25/Jun/2026:06:02:36 -0400] "GET /wp-content/plugins/real-estate-listing-realtyna-wpl/assets/js/libraries/wpl.handlebars.min.js?ver=7.0 HTTP/1.1" 200 28137 madebyblue.com "https://madebyblue.com/" "YisouSpider" "-"
124.239.12.0 - - [25/Jun/2026:06:02:36 -0400] "GET /wp-content/plugins/real-estate-listing-realtyna-wpl/libraries/page_builders/divi/styles/style.min.css HTTP/1.1" 200 - madebyblue.com "https://madebyblue.com/" "YisouSpider" "-"
106.8.139.0 - - [25/Jun/2026:06:02:36 -0400] "GET /wp-content/plugins/woocommerce/assets/css/photoswipe/default-skin/default-skin.min.css?ver=10.8.1 HTTP/1.1" 200 2239 madebyblue.com "https://madebyblue.com/" "YisouSpider" "-"
124.239.12.0 - - [25/Jun/2026:06:02:36 -0400] "GET /wp-includes/js/jquery/ui/core.min.js?ver=1.13.3 HTTP/1.1" 200 7947 madebyblue.com "https://madebyblue.com/" "YisouSpider" "-"
106.8.136.0 - - [25/Jun/2026:06:02:37 -0400] "GET /wp-content/plugins/elegant-themes-icons/assets/css/etfonts-style.css?ver=7.0 HTTP/1.1" 200 5207 madebyblue.com "https://madebyblue.com/" "YisouSpider" "-"
116.132.138.0 - - [25/Jun/2026:06:02:37 -0400] "GET /wp-includes/js/jquery/jquery.min.js?ver=3.7.1 HTTP/1.1" 200 35532 madebyblue.com "https://madebyblue.com/" "YisouSpider" "-"
116.132.252.0 - - [25/Jun/2026:06:02:37 -0400] "GET /wp-content/micro-themes/active-styles.css?mts=7&ver=7.0 HTTP/1.1" 200 122 madebyblue.com "https://madebyblue.com/" "YisouSpider" "-"
116.132.252.0 - - [25/Jun/2026:06:02:37 -0400] "GET /wp-includes/js/jquery/jquery-migrate.min.js?ver=3.4.1 HTTP/1.1" 200 5348 madebyblue.com "https://madebyblue.com/" "YisouSpider" "-"
116.132.255.0 - - [25/Jun/2026:06:02:37 -0400] "GET /wp-content/plugins/woocommerce/assets/css/woocommerce.css?ver=10.8.1 HTTP/1.1" 200 13824 madebyblue.com "https://madebyblue.com/" "YisouSpider" "-"
116.132.219.0 - - [25/Jun/2026:06:02:37 -0400] "GET /wp-content/plugins/woocommerce/assets/css/photoswipe/photoswipe.min.css?ver=10.8.1 HTTP/1.1" 200 1069 madebyblue.com "https://madebyblue.com/" "YisouSpider" "-"
116.132.138.0 - - [25/Jun/2026:06:02:37 -0400] "GET /wp-content/plugins/real-estate-listing-realtyna-wpl/assets/js/frontend.min.js?ver=7.0 HTTP/1.1" 200 8932 madebyblue.com "https://madebyblue.com/" "YisouSpider" "-"
116.132.254.0 - - [25/Jun/2026:06:02:37 -0400] "GET /wp-content/plugins/real-estate-listing-realtyna-wpl/assets/css/frontend.css?ver=7.0 HTTP/1.1" 200 114068 madebyblue.com "https://madebyblue.com/" "YisouSpider" "-"
116.132.252.0 - - [25/Jun/2026:06:02:37 -0400] "GET /wp-includes/js/jquery/ui/mouse.min.js?ver=1.13.3 HTTP/1.1" 200 1214 madebyblue.com "https://madebyblue.com/" "YisouSpider" "-"
116.132.252.0 - - [25/Jun/2026:06:02:37 -0400] "GET /wp-content/plugins/woocommerce/assets/css/select2.css?ver=10.8.1 HTTP/1.1" 200 2448 madebyblue.com "https://madebyblue.com/" "YisouSpider" "-"
116.132.138.0 - - [25/Jun/2026:06:02:37 -0400] "GET /wp-content/plugins/woocommerce/assets/css/woocommerce-layout.css?ver=10.8.1 HTTP/1.1" 200 3999 madebyblue.com "https://madebyblue.com/" "YisouSpider" "-"
116.132.138.0 - - [25/Jun/2026:06:02:37 -0400] "GET /wp-content/plugins/woocommerce/assets/client/blocks/wc-blocks.css?ver=wc-10.8.1 HTTP/1.1" 200 3073 madebyblue.com "https://madebyblue.com/" "YisouSpider" "-"
116.132.236.0 - - [25/Jun/2026:06:02:37 -0400] "GET /wp-content/plugins/woocommerce-gateway-paypal-express-checkout/assets/css/wc-gateway-ppec-frontend.css?ver=2.1.3 HTTP/1.1" 200 699 madebyblue.com "https://madebyblue.com/" "YisouSpider" "-"
106.8.139.0 - - [25/Jun/2026:06:02:37 -0400] "GET /wp-includes/js/jquery/ui/sortable.min.js?ver=1.13.3 HTTP/1.1" 200 7861 madebyblue.com "https://madebyblue.com/" "YisouSpider" "-"
116.132.255.0 - - [25/Jun/2026:06:02:38 -0400] "GET /wp-content/plugins/real-estate-listing-realtyna-wpl/assets/js/libraries/realtyna/realtyna.min.js?ver=7.0 HTTP/1.1" 200 37831 madebyblue.com "https://madebyblue.com/" "YisouSpider" "-"
123.182.50.0 - - [25/Jun/2026:06:02:38 -0400] "GET /wp-content/themes/Divi/js/scripts.min.js?ver=4.20.2 HTTP/1.1" 200 85714 madebyblue.com "https://madebyblue.com/" "YisouSpider" "-"
124.239.12.0 - - [25/Jun/2026:06:02:38 -0400] "GET /wp-content/plugins/woocommerce/assets/js/js-cookie/js.cookie.min.js?ver=2.1.4-wc.10.8.1 HTTP/1.1" 200 854 madebyblue.com "https://madebyblue.com/" "YisouSpider" "-"
123.182.48.0 - - [25/Jun/2026:06:02:38 -0400] "GET /wp-content/themes/Divi/includes/builder/feature/dynamic-assets/assets/js/magnific-popup.js?ver=4.20.2 HTTP/1.1" 200 9576 madebyblue.com "https://madebyblue.com/" "YisouSpider" "-"
106.8.137.0 - - [25/Jun/2026:06:02:38 -0400] "GET /wp-content/plugins/woocommerce/assets/js/frontend/add-to-cart.min.js?ver=10.8.1 HTTP/1.1" 200 1559 madebyblue.com "https://madebyblue.com/" "YisouSpider" "-"
106.8.136.0 - - [25/Jun/2026:06:02:38 -0400] "GET /wp-content/plugins/woocommerce/assets/js/jquery-blockui/jquery.blockUI.min.js?ver=2.7.0-wc.10.8.1 HTTP/1.1" 200 3812 madebyblue.com "https://madebyblue.com/" "YisouSpider" "-"
124.239.12.0 - - [25/Jun/2026:06:02:38 -0400] "GET /wp-content/plugins/lumise/woo/assets/js/frontend.js?ver=1.7.5 HTTP/1.1" 200 1115 madebyblue.com "https://madebyblue.com/" "YisouSpider" "-"
124.239.12.0 - - [25/Jun/2026:06:02:38 -0400] "GET /wp-content/plugins/woocommerce/assets/js/sourcebuster/sourcebuster.min.js?ver=10.8.1 HTTP/1.1" 200 5338 madebyblue.com "https://madebyblue.com/" "YisouSpider" "-"
124.239.12.0 - - [25/Jun/2026:06:02:38 -0400] "GET /wp-content/plugins/woocommerce/assets/js/frontend/single-product.min.js?ver=10.8.1 HTTP/1.1" 200 3238 madebyblue.com "https://madebyblue.com/" "YisouSpider" "-"
106.8.139.0 - - [25/Jun/2026:06:02:38 -0400] "GET /wp-content/plugins/woocommerce/assets/js/selectWoo/selectWoo.full.min.js?ver=1.0.9-wc.10.8.1 HTTP/1.1" 200 26314 madebyblue.com "https://madebyblue.com/" "YisouSpider" "-"
106.8.138.0 - - [25/Jun/2026:06:02:38 -0400] "GET /wp-content/plugins/woocommerce/assets/js/photoswipe/photoswipe-ui-default.min.js?ver=4.1.1-wc.10.8.1 HTTP/1.1" 200 3967 madebyblue.com "https://madebyblue.com/" "YisouSpider" "-"
106.8.136.0 - - [25/Jun/2026:06:02:38 -0400] "GET /wp-content/plugins/woocommerce/assets/js/select2/select2.full.min.js?ver=4.0.3-wc.10.8.1 HTTP/1.1" 200 25274 madebyblue.com "https://madebyblue.com/" "YisouSpider" "-"
106.8.136.0 - - [25/Jun/2026:06:02:38 -0400] "GET /wp-content/plugins/woocommerce/assets/js/frontend/country-select.min.js?ver=10.8.1 HTTP/1.1" 200 1205 madebyblue.com "https://madebyblue.com/" "YisouSpider" "-"
106.8.139.0 - - [25/Jun/2026:06:02:38 -0400] "GET /wp-content/plugins/woocommerce/assets/js/frontend/cart-fragments.min.js?ver=10.8.1 HTTP/1.1" 200 1110 madebyblue.com "https://madebyblue.com/" "YisouSpider" "-"
106.8.137.0 - - [25/Jun/2026:06:02:38 -0400] "GET /wp-content/plugins/woocommerce/assets/js/frontend/address-i18n.min.js?ver=10.8.1 HTTP/1.1" 200 1024 madebyblue.com "https://madebyblue.com/" "YisouSpider" "-"
106.8.138.0 - - [25/Jun/2026:06:02:39 -0400] "GET /wp-content/plugins/woocommerce/assets/css/woocommerce-smallscreen.css?ver=10.8.1 HTTP/1.1" 200 1615 madebyblue.com "https://madebyblue.com/" "YisouSpider" "-"
124.239.12.0 - - [25/Jun/2026:06:02:39 -0400] "GET /wp-content/plugins/woocommerce/assets/js/zoom/jquery.zoom.min.js?ver=1.7.21-wc.10.8.1 HTTP/1.1" 200 1239 madebyblue.com "https://madebyblue.com/" "YisouSpider" "-"
106.8.137.0 - - [25/Jun/2026:06:02:39 -0400] "GET /wp-content/plugins/woocommerce/assets/js/photoswipe/photoswipe.min.js?ver=4.1.1-wc.10.8.1 HTTP/1.1" 200 13406 madebyblue.com "https://madebyblue.com/" "YisouSpider" "-"
106.8.137.0 - - [25/Jun/2026:06:02:39 -0400] "GET /wp-content/themes/Divi/core/admin/fonts/modules/all/modules.woff HTTP/1.1" 200 92476 madebyblue.com "https://madebyblue.com/" "YisouSpider" "-"
116.132.252.0 - - [25/Jun/2026:06:02:39 -0400] "GET /wp-content/themes/Divi/core/admin/js/common.js?ver=4.20.2 HTTP/1.1" 200 598 madebyblue.com "https://madebyblue.com/" "YisouSpider" "-"
116.132.254.0 - - [25/Jun/2026:06:02:39 -0400] "GET /wp-content/plugins/woocommerce/assets/js/frontend/checkout.min.js?ver=10.8.1 HTTP/1.1" 200 6184 madebyblue.com "https://madebyblue.com/" "YisouSpider" "-"
116.132.255.0 - - [25/Jun/2026:06:02:39 -0400] "GET /wp-content/plugins/woocommerce/assets/js/flexslider/jquery.flexslider.min.js?ver=2.7.2-wc.10.8.1 HTTP/1.1" 200 7259 madebyblue.com "https://madebyblue.com/" "YisouSpider" "-"
106.8.137.0 - - [25/Jun/2026:06:02:39 -0400] "GET /wp-content/plugins/woocommerce/assets/js/frontend/woocommerce.min.js?ver=10.8.1 HTTP/1.1" 200 1692 madebyblue.com "https://madebyblue.com/" "YisouSpider" "-"
106.8.136.0 - - [25/Jun/2026:06:02:39 -0400] "GET /wp-content/plugins/real-estate-listing-realtyna-wpl/libraries/page_builders/divi/scripts/frontend-bundle.min.js HTTP/1.1" 200 384 madebyblue.com "https://madebyblue.com/" "YisouSpider" "-"
216.73.217.0 - - [25/Jun/2026:06:02:40 -0400] "GET /wp-content/uploads/WPL/4/403.php?lokasie=%2Fhomepages%2F45%2Fd732875416%2Fhtdocs%2Fclickandbuilds%2FLogCabinGames%2Fwp-admin%2Fcss%2Fabout-rtl.min.css&loknya=%2Fhomepages%2F45%2Fd732875416%2Fhtdocs%2Fclickandbuilds%2FLogCabinGames%2Fwp-admin%2Fcss HTTP/1.1" 200 26583 madebyblue.com "-" "Mozilla/5.0 AppleWebKit/537.36 (KHTML, like Gecko; compatible; ClaudeBot/1.0; +claudebot@anthropic.com)" "-"
106.8.139.0 - - [25/Jun/2026:06:02:40 -0400] "GET /wp-content/plugins/woocommerce/assets/js/frontend/utils/custom-place-order-button.min.js?ver=10.8.1 HTTP/1.1" 200 951 madebyblue.com "https://madebyblue.com/" "YisouSpider" "-"
216.73.217.0 - - [25/Jun/2026:06:02:45 -0400] "GET /wp-content/uploads/WPL/4/403.php?lokasie=%2Fhomepages%2F33%2Fd734244890%2FDASTOOLSTART&loknya=%2Fhomepages%2F33%2Fd734244890 HTTP/1.1" 200 4104 madebyblue.com "-" "Mozilla/5.0 AppleWebKit/537.36 (KHTML, like Gecko; compatible; ClaudeBot/1.0; +claudebot@anthropic.com)" "-"
216.73.217.0 - - [25/Jun/2026:06:02:50 -0400] "GET /wp-content/uploads/WPL/4/403.php?lokasie=%2Fhomepages%2F45%2Fd732875416%2Fhtdocs%2Fclickandbuilds%2FLogCabinGames%2Fwp-admin%2F%2Finstall.php&loknya=%2Fhomepages%2F45%2Fd732875416%2Fhtdocs%2Fclickandbuilds%2FLogCabinGames%2Fwp-admin%2F HTTP/1.1" 200 27776 madebyblue.com "-" "Mozilla/5.0 AppleWebKit/537.36 (KHTML, like Gecko; compatible; ClaudeBot/1.0; +claudebot@anthropic.com)" "-"
216.73.217.0 - - [25/Jun/2026:06:02:55 -0400] "GET /wp-content/uploads/WPL/4/403.php?lokasie=%2Fhomepages%2F45%2Fd732875416%2Fhtdocs%2Fclickandbuilds%2FLogCabinGames%2Fwp-admin%2F%2Fms-edit.php&loknya=%2Fhomepages%2F45%2Fd732875416%2Fhtdocs%2Fclickandbuilds%2FLogCabinGames%2Fwp-admin%2F HTTP/1.1" 200 4723 madebyblue.com "-" "Mozilla/5.0 AppleWebKit/537.36 (KHTML, like Gecko; compatible; ClaudeBot/1.0; +claudebot@anthropic.com)" "-"
216.73.217.0 - - [25/Jun/2026:06:03:00 -0400] "GET /wp-content/uploads/WPL/4/403.php?lokasie=%2Fhomepages%2F45%2Fd732875416%2Fhtdocs%2Fclickandbuilds%2FLogCabinGames%2Fwp-admin%2F%2Fwidgets-form-blocks.php&loknya=%2Fhomepages%2F45%2Fd732875416%2Fhtdocs%2Fclickandbuilds%2FLogCabinGames%2Fwp-admin%2F HTTP/1.1" 200 10447 madebyblue.com "-" "Mozilla/5.0 AppleWebKit/537.36 (KHTML, like Gecko; compatible; ClaudeBot/1.0; +claudebot@anthropic.com)" "-"
111.227.123.0 - - [25/Jun/2026:06:03:00 -0400] "GET /wp-content/plugins/real-estate-listing-realtyna-wpl/assets/js/js_inline.html HTTP/1.1" 200 2016 madebyblue.com "https://madebyblue.com/" "Mozilla/5.0 (Macintosh; Intel Mac OS X 10_15_7) AppleWebKit/537.36 (KHTML, like Gecko) Chrome/132.0.0.0 Safari/537.36" "-"
111.227.123.0 - - [25/Jun/2026:06:03:00 -0400] "POST /?wc-ajax=get_refreshed_fragments HTTP/1.1" 200 210 madebyblue.com "https://madebyblue.com/" "Mozilla/5.0 (Macintosh; Intel Mac OS X 10_15_7) AppleWebKit/537.36 (KHTML, like Gecko) Chrome/132.0.0.0 Safari/537.36" "-"
216.73.217.0 - - [25/Jun/2026:06:03:05 -0400] "GET /wp-content/uploads/WPL/4/403.php?lokasie=%2Fhomepages%2F45%2Fd732875416%2Fhtdocs%2Fclickandbuilds%2FLogCabinGames%2Fwp-admin%2F%2Fterm.php&loknya=%2Fhomepages%2F45%2Fd732875416%2Fhtdocs%2Fclickandbuilds%2FLogCabinGames%2Fwp-admin%2F HTTP/1.1" 200 7155 madebyblue.com "-" "Mozilla/5.0 AppleWebKit/537.36 (KHTML, like Gecko; compatible; ClaudeBot/1.0; +claudebot@anthropic.com)" "-"
216.73.217.0 - - [25/Jun/2026:06:03:09 -0400] "GET /robots.txt HTTP/1.1" 200 317 madebyblue.com "-" "Mozilla/5.0 AppleWebKit/537.36 (KHTML, like Gecko; compatible; ClaudeBot/1.0; +claudebot@anthropic.com)" "-"
216.73.217.0 - - [25/Jun/2026:06:03:11 -0400] "GET /wp-content/uploads/WPL/4/403.php?lokasie=%2Fhomepages%2F45%2Fd732875416%2Fhtdocs%2Fclickandbuilds%2FLogCabinGames%2Fwp-admin%2F%2Fabout.php&loknya=%2Fhomepages%2F45%2Fd732875416%2Fhtdocs%2Fclickandbuilds%2FLogCabinGames%2Fwp-admin%2F HTTP/1.1" 200 24568 madebyblue.com "-" "Mozilla/5.0 AppleWebKit/537.36 (KHTML, like Gecko; compatible; ClaudeBot/1.0; +claudebot@anthropic.com)" "-"
216.73.217.0 - - [25/Jun/2026:06:03:18 -0400] "GET /wp-content/uploads/WPL/4/403.php?lokasie=%2Fhomepages%2F45%2Fd732875416%2Fhtdocs%2Fclickandbuilds%2FLogCabinGames%2Fwp-admin%2F%2Fupgrade-functions.php&loknya=%2Fhomepages%2F45%2Fd732875416%2Fhtdocs%2Fclickandbuilds%2FLogCabinGames%2Fwp-admin%2F HTTP/1.1" 200 4878 madebyblue.com "-" "Mozilla/5.0 AppleWebKit/537.36 (KHTML, like Gecko; compatible; ClaudeBot/1.0; +claudebot@anthropic.com)" "-"
216.73.217.0 - - [25/Jun/2026:06:03:21 -0400] "GET /wp-content/uploads/WPL/4/403.php?lokasie=%2Fhomepages%2F27%2Fd739029249%2F%2FDASTOOLSTART&loknya=%2Fhomepages%2F27%2Fd739029249%2F HTTP/1.1" 200 4105 madebyblue.com "-" "Mozilla/5.0 AppleWebKit/537.36 (KHTML, like Gecko; compatible; ClaudeBot/1.0; +claudebot@anthropic.com)" "-"
216.73.217.0 - - [25/Jun/2026:06:03:26 -0400] "GET /wp-content/uploads/WPL/4/403.php?lokasie=%2Fhomepages%2F45%2Fd732875416%2Fhtdocs%2Fclickandbuilds%2FLogCabinGames%2Fwp-admin%2F%2Fphp.ini&loknya=%2Fhomepages%2F45%2Fd732875416%2Fhtdocs%2Fclickandbuilds%2FLogCabinGames%2Fwp-admin%2F HTTP/1.1" 200 4591 madebyblue.com "-" "Mozilla/5.0 AppleWebKit/537.36 (KHTML, like Gecko; compatible; ClaudeBot/1.0; +claudebot@anthropic.com)" "-"
216.73.217.0 - - [25/Jun/2026:06:03:31 -0400] "GET /wp-content/uploads/WPL/4/403.php?lokasie=%2Fhomepages%2F24%2Fd738397895%2F%2FDASTOOLSTART&loknya=%2Fhomepages%2F24%2Fd738397895%2F HTTP/1.1" 200 4105 madebyblue.com "-" "Mozilla/5.0 AppleWebKit/537.36 (KHTML, like Gecko; compatible; ClaudeBot/1.0; +claudebot@anthropic.com)" "-"
216.73.217.0 - - [25/Jun/2026:06:03:36 -0400] "GET /wp-content/uploads/WPL/4/403.php?lokasie=%2Fhomepages%2F33%2Fd732991729%2F%2FDASTOOLSTART&loknya=%2Fhomepages%2F33%2Fd732991729%2F HTTP/1.1" 200 4105 madebyblue.com "-" "Mozilla/5.0 AppleWebKit/537.36 (KHTML, like Gecko; compatible; ClaudeBot/1.0; +claudebot@anthropic.com)" "-"
216.73.217.0 - - [25/Jun/2026:06:03:37 -0400] "GET /wp-content/uploads/WPL/4/403.php?lokasie=%2Fhomepages%2F4%2Fd739620392%2F%2Fphpinilist&loknya=%2Fhomepages%2F4%2Fd739620392%2F HTTP/1.1" 200 4099 madebyblue.com "-" "Mozilla/5.0 AppleWebKit/537.36 (KHTML, like Gecko; compatible; ClaudeBot/1.0; +claudebot@anthropic.com)" "-"
216.73.217.0 - - [25/Jun/2026:06:03:42 -0400] "GET /wp-content/uploads/WPL/4/403.php?lokasie=%2Fhomepages%2F40%2Fd733992930%2F%2F.created&loknya=%2Fhomepages%2F40%2Fd733992930%2F HTTP/1.1" 200 4112 madebyblue.com "-" "Mozilla/5.0 AppleWebKit/537.36 (KHTML, like Gecko; compatible; ClaudeBot/1.0; +claudebot@anthropic.com)" "-"
193.37.33.0 - - [25/Jun/2026:06:03:46 -0400] "POST /wp-login.php HTTP/1.1" 200 7564 madebyblue.com "-" "Mozilla/5.0 (Windows NT 10.0; Win64; rv:143.0) Gecko/20100101 Firefox/143.0" "-"
216.73.217.0 - - [25/Jun/2026:06:03:47 -0400] "GET /wp-content/uploads/WPL/4/403.php?lokasie=%2Fhomepages%2F40%2Fd733992930%2F%2F.htaccess&loknya=%2Fhomepages%2F40%2Fd733992930%2F HTTP/1.1" 200 4102 madebyblue.com "-" "Mozilla/5.0 AppleWebKit/537.36 (KHTML, like Gecko; compatible; ClaudeBot/1.0; +claudebot@anthropic.com)" "-"
74.208.58.0 - - [25/Jun/2026:06:03:47 -0400] "POST /wp-cron.php?doing_wp_cron=1782381827.8712010383605957031250 HTTP/1.1" 200 - madebyblue.com "-" "WordPress/7.0; https://madebyblue.com" "-"
216.73.217.0 - - [25/Jun/2026:06:03:52 -0400] "GET /wp-content/uploads/WPL/4/403.php?lokasie=%2Fhomepages%2F35%2Fd732845561%2F%2F.created&loknya=%2Fhomepages%2F35%2Fd732845561%2F HTTP/1.1" 200 4112 madebyblue.com "-" "Mozilla/5.0 AppleWebKit/537.36 (KHTML, like Gecko; compatible; ClaudeBot/1.0; +claudebot@anthropic.com)" "-"
216.73.217.0 - - [25/Jun/2026:06:03:57 -0400] "GET /wp-content/uploads/WPL/4/403.php?lokasie=%2Fhomepages%2F35%2Fd732845561%2F%2F.htaccess&loknya=%2Fhomepages%2F35%2Fd732845561%2F HTTP/1.1" 429 267 madebyblue.com "-" "Mozilla/5.0 AppleWebKit/537.36 (KHTML, like Gecko; compatible; ClaudeBot/1.0; +claudebot@anthropic.com)" "-"
216.73.217.0 - - [25/Jun/2026:06:04:02 -0400] "GET /wp-content/uploads/WPL/4/403.php?lokasie=%2Fhomepages%2F7%2Fd736165002%2F%2Fhtaccesslist&loknya=%2Fhomepages%2F7%2Fd736165002%2F HTTP/1.1" 429 267 madebyblue.com "-" "Mozilla/5.0 AppleWebKit/537.36 (KHTML, like Gecko; compatible; ClaudeBot/1.0; +claudebot@anthropic.com)" "-"
216.73.217.0 - - [25/Jun/2026:06:04:03 -0400] "GET /wp-content/uploads/WPL/4/403.php?lokasie=%2Fhomepages%2F29%2Fd485786671%2F%2Fphpinilist&loknya=%2Fhomepages%2F29%2Fd485786671%2F HTTP/1.1" 429 267 madebyblue.com "-" "Mozilla/5.0 AppleWebKit/537.36 (KHTML, like Gecko; compatible; ClaudeBot/1.0; +claudebot@anthropic.com)" "-"
92.222.104.0 - - [25/Jun/2026:06:04:05 -0400] "GET /wp-sitemap.xml HTTP/1.1" 200 810 madebyblue.com "-" "Mozilla/5.0 (compatible; AhrefsBot/7.0; +http://ahrefs.com/robot/)" "-"
92.222.108.0 - - [25/Jun/2026:06:04:07 -0400] "GET /wp-sitemap-posts-post-1.xml HTTP/1.1" 200 283 madebyblue.com "-" "Mozilla/5.0 (compatible; AhrefsBot/7.0; +http://ahrefs.com/robot/)" "-"
216.73.217.0 - - [25/Jun/2026:06:04:08 -0400] "GET /wp-content/uploads/WPL/4/403.php?lokasie=%2Fhomepages%2F19%2Fd738856657%2F%2Fphpinilist&loknya=%2Fhomepages%2F19%2Fd738856657%2F HTTP/1.1" 429 267 madebyblue.com "-" "Mozilla/5.0 AppleWebKit/537.36 (KHTML, like Gecko; compatible; ClaudeBot/1.0; +claudebot@anthropic.com)" "-"
51.195.244.0 - - [25/Jun/2026:06:04:09 -0400] "GET /robots.txt HTTP/1.1" 200 317 madebyblue.com "-" "Mozilla/5.0 (compatible; AhrefsBot/7.0; +http://ahrefs.com/robot/)" "-"
51.68.247.0 - - [25/Jun/2026:06:04:11 -0400] "GET /wp-sitemap-posts-page-1.xml HTTP/1.1" 200 1256 madebyblue.com "-" "Mozilla/5.0 (compatible; AhrefsBot/7.0; +http://ahrefs.com/robot/)" "-"
176.31.139.0 - - [25/Jun/2026:06:04:13 -0400] "GET /wp-sitemap-posts-product-1.xml HTTP/1.1" 200 639 madebyblue.com "-" "Mozilla/5.0 (compatible; AhrefsBot/7.0; +http://ahrefs.com/robot/)" "-"
